{"id":286,"date":"2014-03-28T10:04:55","date_gmt":"2014-03-28T10:04:55","guid":{"rendered":"http:\/\/s621472710.mialojamiento.es\/new\/?page_id=286"},"modified":"2025-11-26T09:12:07","modified_gmt":"2025-11-26T09:12:07","slug":"noticias","status":"publish","type":"page","link":"https:\/\/ingegraf.es\/?page_id=286","title":{"rendered":"Noticias"},"content":{"rendered":"<ul class=\"wp-block-latest-posts__list wp-block-latest-posts\"><li><a class=\"wp-block-latest-posts__post-title\" href=\"https:\/\/ingegraf.es\/?p=2135\">Ingegraf International Technical Conference &#8211; Bilbao &#8211; 2026<\/a><div class=\"wp-block-latest-posts__post-excerpt\">INGEGRAF (Asociaci\u00f3n de Profesores de Expresi\u00f3n Gr\u00e1fica en la Ingenier\u00eda), ha organizado 34 Congresos Internacionales, con una cadencia anual y de forma ininterrumpida. Su visi\u00f3n, a lo largo de estas tres d\u00e9cadas, ha ido evolucionando conforme los avances tecnol\u00f3gicos se han ido desarrollando, especialmente con la implementaci\u00f3n de las TICs en el Dise\u00f1o de Productos, &hellip; <a href=\"https:\/\/ingegraf.es\/?p=2135\" class=\"more-link\">Seguir leyendo <span class=\"screen-reader-text\">Ingegraf International Technical Conference &#8211; Bilbao &#8211; 2026<\/span> <span class=\"meta-nav\">&rarr;<\/span><\/a><\/div><\/li>\n<li><a class=\"wp-block-latest-posts__post-title\" href=\"https:\/\/ingegraf.es\/?p=2194\">Mensaje a Socios JUBILADOS<\/a><div class=\"wp-block-latest-posts__post-excerpt\">Estimad@ amig@ y soci@ de INGEGRAF:\u00a0En primer lugar, desear que te encuentres bien de salud y que est\u00e9s disfrutando de tu m\u00e1s que merecida jubilaci\u00f3n, y agradecerte tu compromiso y colaboraci\u00f3n con la Asociaci\u00f3n durante tus a\u00f1os en activo. INGEGRAF no hubiera llegado a ser lo que hoy en d\u00eda es sin personas como t\u00fa, &hellip; <a href=\"https:\/\/ingegraf.es\/?p=2194\" class=\"more-link\">Seguir leyendo <span class=\"screen-reader-text\">Mensaje a Socios JUBILADOS<\/span> <span class=\"meta-nav\">&rarr;<\/span><\/a><\/div><\/li>\n<li><div class=\"wp-block-latest-posts__featured-image\"><img loading=\"lazy\" decoding=\"async\" width=\"604\" height=\"412\" src=\"https:\/\/ingegraf.es\/wp-content\/uploads\/2025\/10\/Portada_Book_of_Abstracts.png\" class=\"attachment-large size-large wp-post-image\" alt=\"\" style=\"\" srcset=\"https:\/\/ingegraf.es\/wp-content\/uploads\/2025\/10\/Portada_Book_of_Abstracts.png 635w, https:\/\/ingegraf.es\/wp-content\/uploads\/2025\/10\/Portada_Book_of_Abstracts-300x205.png 300w\" sizes=\"auto, (max-width: 604px) 100vw, 604px\" \/><\/div><a class=\"wp-block-latest-posts__post-title\" href=\"https:\/\/ingegraf.es\/?p=2150\">Book of Abstracts de la 34th INGEGRAF International Conference 2025 (Sevilla)<\/a><div class=\"wp-block-latest-posts__post-excerpt\">La Conferencia Internacional de Ingenier\u00eda Gr\u00e1fica (International Conference in Graphical Engineering) ha contado desde 1988 con el apoyo anual de INGEGRAF (Asociaci\u00f3n Espa\u00f1ola de Ingenier\u00eda Gr\u00e1fica). Su 34\u00aa edici\u00f3n se ha celebrado en la Escuela T\u00e9cnica Superior de Ingenier\u00eda de la Universidad de Sevilla los d\u00edas 25, 26 y 27 de junio de 2025, bajo &hellip; <a href=\"https:\/\/ingegraf.es\/?p=2150\" class=\"more-link\">Seguir leyendo <span class=\"screen-reader-text\">Book of Abstracts de la 34th INGEGRAF International Conference 2025 (Sevilla)<\/span> <span class=\"meta-nav\">&rarr;<\/span><\/a><\/div><\/li>\n<li><div class=\"wp-block-latest-posts__featured-image\"><img loading=\"lazy\" decoding=\"async\" width=\"604\" height=\"209\" src=\"https:\/\/ingegraf.es\/wp-content\/uploads\/2025\/06\/jcm_26.png\" class=\"attachment-large size-large wp-post-image\" alt=\"\" style=\"\" srcset=\"https:\/\/ingegraf.es\/wp-content\/uploads\/2025\/06\/jcm_26.png 780w, https:\/\/ingegraf.es\/wp-content\/uploads\/2025\/06\/jcm_26-300x104.png 300w, https:\/\/ingegraf.es\/wp-content\/uploads\/2025\/06\/jcm_26-768x266.png 768w\" sizes=\"auto, (max-width: 604px) 100vw, 604px\" \/><\/div><a class=\"wp-block-latest-posts__post-title\" href=\"https:\/\/ingegraf.es\/?p=2066\">JCM 2026 &#8211; 17-19 JUNIO 26 Aix Les Bains (Francia)<\/a><div class=\"wp-block-latest-posts__post-excerpt\">13th&nbsp;International Joint Conference on Mechanics, Design Engineering and Advanced Manufacturing&nbsp; 17-19 juin 2026, Aix-les-Bains, France&nbsp; Estimados\/as colegas: En nombre de las asociaciones INGEGRAF (Asociaci\u00f3n Espa\u00f1ola de Ingenier\u00eda Gr\u00e1fica), ADM (Associazione Nazionale Disegno e Metodi dell\u2019Ingegneria Industriale) y S.mart (Systems, Manufacturing, Academics, Resources, Technologies), nos complace anunciar la apertura del plazo de env\u00edo de contribuciones para &hellip; <a href=\"https:\/\/ingegraf.es\/?p=2066\" class=\"more-link\">Seguir leyendo <span class=\"screen-reader-text\">JCM 2026 &#8211; 17-19 JUNIO 26 Aix Les Bains (Francia)<\/span> <span class=\"meta-nav\">&rarr;<\/span><\/a><\/div><\/li>\n<li><div class=\"wp-block-latest-posts__featured-image\"><img loading=\"lazy\" decoding=\"async\" width=\"604\" height=\"339\" src=\"https:\/\/ingegraf.es\/wp-content\/uploads\/2025\/06\/Captura-de-pantalla-2025-06-03-a-las-15.22.29-1024x574.png\" class=\"attachment-large size-large wp-post-image\" alt=\"\" style=\"\" srcset=\"https:\/\/ingegraf.es\/wp-content\/uploads\/2025\/06\/Captura-de-pantalla-2025-06-03-a-las-15.22.29-1024x574.png 1024w, https:\/\/ingegraf.es\/wp-content\/uploads\/2025\/06\/Captura-de-pantalla-2025-06-03-a-las-15.22.29-300x168.png 300w, https:\/\/ingegraf.es\/wp-content\/uploads\/2025\/06\/Captura-de-pantalla-2025-06-03-a-las-15.22.29-768x431.png 768w, https:\/\/ingegraf.es\/wp-content\/uploads\/2025\/06\/Captura-de-pantalla-2025-06-03-a-las-15.22.29.png 1220w\" sizes=\"auto, (max-width: 604px) 100vw, 604px\" \/><\/div><a class=\"wp-block-latest-posts__post-title\" href=\"https:\/\/ingegraf.es\/?p=2052\">NEW BOOK: Data and Process Visualisation for Graphic Communication<\/a><div class=\"wp-block-latest-posts__post-excerpt\">This book guides the reader through the process of graphic communication with a particular focus on representing data and processes. It considers a variety of common graphic communication scenarios among those that arise most frequently in practical applications. The book is organized in two parts: representing data (Part I) and representing processes (Part II). The &hellip; <a href=\"https:\/\/ingegraf.es\/?p=2052\" class=\"more-link\">Seguir leyendo <span class=\"screen-reader-text\">NEW BOOK: Data and Process Visualisation for Graphic Communication<\/span> <span class=\"meta-nav\">&rarr;<\/span><\/a><\/div><\/li>\n<\/ul>\n\n\n<p><\/p>\n","protected":false},"excerpt":{"rendered":"","protected":false},"author":1,"featured_media":0,"parent":0,"menu_order":0,"comment_status":"closed","ping_status":"closed","template":"","meta":{"footnotes":""},"class_list":["post-286","page","type-page","status-publish","hentry"],"_links":{"self":[{"href":"https:\/\/ingegraf.es\/index.php?rest_route=\/wp\/v2\/pages\/286","targetHints":{"allow":["GET"]}}],"collection":[{"href":"https:\/\/ingegraf.es\/index.php?rest_route=\/wp\/v2\/pages"}],"about":[{"href":"https:\/\/ingegraf.es\/index.php?rest_route=\/wp\/v2\/types\/page"}],"author":[{"embeddable":true,"href":"https:\/\/ingegraf.es\/index.php?rest_route=\/wp\/v2\/users\/1"}],"replies":[{"embeddable":true,"href":"https:\/\/ingegraf.es\/index.php?rest_route=%2Fwp%2Fv2%2Fcomments&post=286"}],"version-history":[{"count":5,"href":"https:\/\/ingegraf.es\/index.php?rest_route=\/wp\/v2\/pages\/286\/revisions"}],"predecessor-version":[{"id":2115,"href":"https:\/\/ingegraf.es\/index.php?rest_route=\/wp\/v2\/pages\/286\/revisions\/2115"}],"wp:attachment":[{"href":"https:\/\/ingegraf.es\/index.php?rest_route=%2Fwp%2Fv2%2Fmedia&parent=286"}],"curies":[{"name":"wp","href":"https:\/\/api.w.org\/{rel}","templated":true}]}}

<ul class="wp-block-latest-posts__list wp-block-latest-posts"><li><a class="wp-block-latest-posts__post-title" href="https://ingegraf.es/?p=2135">Ingegraf International Technical Conference &#8211; Bilbao &#8211; 2026</a><div class="wp-block-latest-posts__post-excerpt">INGEGRAF (Asociación de Profesores de Expresión Gráfica en la Ingeniería), ha organizado 34 Congresos Internacionales, con una cadencia anual y de forma ininterrumpida. Su visión, a lo largo de estas tres décadas, ha ido evolucionando conforme los avances tecnológicos se han ido desarrollando, especialmente con la implementación de las TICs en el Diseño de Productos, &hellip; <a href="https://ingegraf.es/?p=2135" class="more-link">Seguir leyendo <span class="screen-reader-text">Ingegraf International Technical Conference &#8211; Bilbao &#8211; 2026</span> <span class="meta-nav">&rarr;</span></a></div></li>
<li><a class="wp-block-latest-posts__post-title" href="https://ingegraf.es/?p=2194">Mensaje a Socios JUBILADOS</a><div class="wp-block-latest-posts__post-excerpt">Estimad@ amig@ y soci@ de INGEGRAF: En primer lugar, desear que te encuentres bien de salud y que estés disfrutando de tu más que merecida jubilación, y agradecerte tu compromiso y colaboración con la Asociación durante tus años en activo. INGEGRAF no hubiera llegado a ser lo que hoy en día es sin personas como tú, &hellip; <a href="https://ingegraf.es/?p=2194" class="more-link">Seguir leyendo <span class="screen-reader-text">Mensaje a Socios JUBILADOS</span> <span class="meta-nav">&rarr;</span></a></div></li>
<li><div class="wp-block-latest-posts__featured-image"><img loading="lazy" decoding="async" width="604" height="412" src="https://ingegraf.es/wp-content/uploads/2025/10/Portada_Book_of_Abstracts.png" class="attachment-large size-large wp-post-image" alt="" style="" srcset="https://ingegraf.es/wp-content/uploads/2025/10/Portada_Book_of_Abstracts.png 635w, https://ingegraf.es/wp-content/uploads/2025/10/Portada_Book_of_Abstracts-300x205.png 300w" sizes="auto, (max-width: 604px) 100vw, 604px" /></div><a class="wp-block-latest-posts__post-title" href="https://ingegraf.es/?p=2150">Book of Abstracts de la 34th INGEGRAF International Conference 2025 (Sevilla)</a><div class="wp-block-latest-posts__post-excerpt">La Conferencia Internacional de Ingeniería Gráfica (International Conference in Graphical Engineering) ha contado desde 1988 con el apoyo anual de INGEGRAF (Asociación Española de Ingeniería Gráfica). Su 34ª edición se ha celebrado en la Escuela Técnica Superior de Ingeniería de la Universidad de Sevilla los días 25, 26 y 27 de junio de 2025, bajo &hellip; <a href="https://ingegraf.es/?p=2150" class="more-link">Seguir leyendo <span class="screen-reader-text">Book of Abstracts de la 34th INGEGRAF International Conference 2025 (Sevilla)</span> <span class="meta-nav">&rarr;</span></a></div></li>
<li><div class="wp-block-latest-posts__featured-image"><img loading="lazy" decoding="async" width="604" height="209" src="https://ingegraf.es/wp-content/uploads/2025/06/jcm_26.png" class="attachment-large size-large wp-post-image" alt="" style="" srcset="https://ingegraf.es/wp-content/uploads/2025/06/jcm_26.png 780w, https://ingegraf.es/wp-content/uploads/2025/06/jcm_26-300x104.png 300w, https://ingegraf.es/wp-content/uploads/2025/06/jcm_26-768x266.png 768w" sizes="auto, (max-width: 604px) 100vw, 604px" /></div><a class="wp-block-latest-posts__post-title" href="https://ingegraf.es/?p=2066">JCM 2026 &#8211; 17-19 JUNIO 26 Aix Les Bains (Francia)</a><div class="wp-block-latest-posts__post-excerpt">13th&nbsp;International Joint Conference on Mechanics, Design Engineering and Advanced Manufacturing&nbsp; 17-19 juin 2026, Aix-les-Bains, France&nbsp; Estimados/as colegas: En nombre de las asociaciones INGEGRAF (Asociación Española de Ingeniería Gráfica), ADM (Associazione Nazionale Disegno e Metodi dell’Ingegneria Industriale) y S.mart (Systems, Manufacturing, Academics, Resources, Technologies), nos complace anunciar la apertura del plazo de envío de contribuciones para &hellip; <a href="https://ingegraf.es/?p=2066" class="more-link">Seguir leyendo <span class="screen-reader-text">JCM 2026 &#8211; 17-19 JUNIO 26 Aix Les Bains (Francia)</span> <span class="meta-nav">&rarr;</span></a></div></li>
<li><div class="wp-block-latest-posts__featured-image"><img loading="lazy" decoding="async" width="604" height="339" src="https://ingegraf.es/wp-content/uploads/2025/06/Captura-de-pantalla-2025-06-03-a-las-15.22.29-1024x574.png" class="attachment-large size-large wp-post-image" alt="" style="" srcset="https://ingegraf.es/wp-content/uploads/2025/06/Captura-de-pantalla-2025-06-03-a-las-15.22.29-1024x574.png 1024w, https://ingegraf.es/wp-content/uploads/2025/06/Captura-de-pantalla-2025-06-03-a-las-15.22.29-300x168.png 300w, https://ingegraf.es/wp-content/uploads/2025/06/Captura-de-pantalla-2025-06-03-a-las-15.22.29-768x431.png 768w, https://ingegraf.es/wp-content/uploads/2025/06/Captura-de-pantalla-2025-06-03-a-las-15.22.29.png 1220w" sizes="auto, (max-width: 604px) 100vw, 604px" /></div><a class="wp-block-latest-posts__post-title" href="https://ingegraf.es/?p=2052">NEW BOOK: Data and Process Visualisation for Graphic Communication</a><div class="wp-block-latest-posts__post-excerpt">This book guides the reader through the process of graphic communication with a particular focus on representing data and processes. It considers a variety of common graphic communication scenarios among those that arise most frequently in practical applications. The book is organized in two parts: representing data (Part I) and representing processes (Part II). The &hellip; <a href="https://ingegraf.es/?p=2052" class="more-link">Seguir leyendo <span class="screen-reader-text">NEW BOOK: Data and Process Visualisation for Graphic Communication</span> <span class="meta-nav">&rarr;</span></a></div></li>
</ul>


<p></p>
