{"id":15,"date":"2014-03-06T08:54:46","date_gmt":"2014-03-06T08:54:46","guid":{"rendered":"http:\/\/s621472710.mialojamiento.es\/?page_id=15"},"modified":"2025-11-26T09:10:45","modified_gmt":"2025-11-26T09:10:45","slug":"actividades","status":"publish","type":"page","link":"https:\/\/ingegraf.es\/?page_id=15","title":{"rendered":"Informaci\u00f3n de Inter\u00e9s"},"content":{"rendered":"<p>&nbsp;<\/p>\n<p><span style=\"text-decoration: underline;\"><a title=\"idmme2014\" href=\"http:\/\/s621472710.mialojamiento.es\/?page_id=217\" target=\"_blank\" rel=\"noopener\">PUBLICACIONES DOCENTES<\/a>.<\/span><span style=\"color: #3366ff;\">\u00a0<\/span><span style=\"color: #000000;\">\u00daltimas publicaciones docentes relacionadas con la Ingenier\u00eda Gr\u00e1fica<\/span><\/p>\n<p>&nbsp;<\/p>\n<p><span style=\"color: #333333;\"><span style=\"text-decoration: underline;\"><a title=\"idmme2014\" href=\"http:\/\/s621472710.mialojamiento.es\/?page_id=351\" target=\"_blank\" rel=\"noopener\">REVISTAS DE INTER\u00c9S<\/a>.<\/span><span style=\"color: #3366ff;\">\u00a0<\/span>Revistas cient\u00edficas relacionadas con la Ingenier\u00eda Gr\u00e1fica<\/span><\/p>\n<p>&nbsp;<\/p>\n<p><span style=\"color: #333333;\"><span style=\"text-decoration: underline;\"><a title=\"idmme2014\" href=\"http:\/\/s621472710.mialojamiento.es\/?page_id=130\" target=\"_blank\" rel=\"noopener\">FORMACI\u00d3N<\/a>.<\/span><span style=\"color: #3366ff;\">\u00a0<\/span>Cursos, M\u00e1ster, Grados relacionados con la Ingenier\u00eda Gr\u00e1fica<\/span><\/p>\n<p>&nbsp;<\/p>\n<p><span style=\"color: #333333;\"><span style=\"text-decoration: underline;\"><a title=\"idmme2014\" href=\"http:\/\/s621472710.mialojamiento.es\/?page_id=100\" target=\"_blank\" rel=\"noopener\">ENLACES DE INTER\u00c9S<\/a>.<\/span><span style=\"color: #3366ff;\">\u00a0Enlaces a webs\u00a0<\/span>relacionadas con la Ingenier\u00eda Gr\u00e1fica<\/span><\/p>\n<p>&nbsp;<\/p>\n","protected":false},"excerpt":{"rendered":"<p>&nbsp; PUBLICACIONES DOCENTES.\u00a0\u00daltimas publicaciones docentes relacionadas con la Ingenier\u00eda Gr\u00e1fica &nbsp; REVISTAS DE INTER\u00c9S.\u00a0Revistas cient\u00edficas relacionadas con la Ingenier\u00eda Gr\u00e1fica &nbsp; FORMACI\u00d3N.\u00a0Cursos, M\u00e1ster, Grados relacionados con la Ingenier\u00eda Gr\u00e1fica &nbsp; ENLACES DE INTER\u00c9S.\u00a0Enlaces a webs\u00a0relacionadas con la Ingenier\u00eda Gr\u00e1fica &nbsp;<\/p>\n","protected":false},"author":1,"featured_media":0,"parent":0,"menu_order":0,"comment_status":"closed","ping_status":"closed","template":"","meta":{"footnotes":""},"class_list":["post-15","page","type-page","status-publish","hentry"],"_links":{"self":[{"href":"https:\/\/ingegraf.es\/index.php?rest_route=\/wp\/v2\/pages\/15","targetHints":{"allow":["GET"]}}],"collection":[{"href":"https:\/\/ingegraf.es\/index.php?rest_route=\/wp\/v2\/pages"}],"about":[{"href":"https:\/\/ingegraf.es\/index.php?rest_route=\/wp\/v2\/types\/page"}],"author":[{"embeddable":true,"href":"https:\/\/ingegraf.es\/index.php?rest_route=\/wp\/v2\/users\/1"}],"replies":[{"embeddable":true,"href":"https:\/\/ingegraf.es\/index.php?rest_route=%2Fwp%2Fv2%2Fcomments&post=15"}],"version-history":[{"count":8,"href":"https:\/\/ingegraf.es\/index.php?rest_route=\/wp\/v2\/pages\/15\/revisions"}],"predecessor-version":[{"id":2107,"href":"https:\/\/ingegraf.es\/index.php?rest_route=\/wp\/v2\/pages\/15\/revisions\/2107"}],"wp:attachment":[{"href":"https:\/\/ingegraf.es\/index.php?rest_route=%2Fwp%2Fv2%2Fmedia&parent=15"}],"curies":[{"name":"wp","href":"https:\/\/api.w.org\/{rel}","templated":true}]}}